{"id":69,"date":"2015-04-15T10:28:17","date_gmt":"2015-04-15T09:28:17","guid":{"rendered":"http:\/\/ucepf.fr\/?page_id=69"},"modified":"2019-12-30T11:32:11","modified_gmt":"2019-12-30T10:32:11","slug":"vtt","status":"publish","type":"page","link":"https:\/\/ucepf.fr\/?page_id=69","title":{"rendered":"vtt"},"content":{"rendered":"<div id=\"fb-root\"><\/div>\n<div class=\"wsg_content\">\n<div class=\"wsg_content_html qtxt1 paddingslider\">\n<p>Les v\u00e9t\u00e9tistes se rassemblent chaque dimanche matin tout au long de l\u2019ann\u00e9e pour effectuer une sortie en groupe. Deux groupes peuvent se constituer selon la distance, le terrain emprunt\u00e9 et bien s\u00fbr le niveau du cycliste.<\/p>\n<p>&nbsp;<\/p>\n<p>Quelques cyclos adeptes de cette discipline se joignent \u00e0 eux l\u2019automne et l\u2019hiver.<\/p>\n<p>Les circuits sont divers et vari\u00e9s, puisque les parcours utilis\u00e9s sont des sous-bois, des chemins de halage et quelques portions de route. Ces diff\u00e9rents types de terrain se situent \u00e0 proximit\u00e9 de chacune de nos trois communes, Entrammes, Parn\u00e9-sur-Roc et Forc\u00e9.<\/p>\n<p>&nbsp;<\/p>\n<p>Certains v\u00e9t\u00e9tistes prennent part aux diff\u00e9rentes \u00e9tapes du Tour de la Mayenne VTT et participent \u00e9galement \u00e0 d\u2019autres randonn\u00e9es d\u00e9partementales r\u00e9serv\u00e9es aux VTT.<\/p>\n<p>&nbsp;<\/p>\n<p>L\u2019UCEPF apporte \u00e9galement son aide au Comit\u00e9 des F\u00eates de Parn\u00e9-sur-Roc pour l\u2019organisation des randonn\u00e9es VTT et p\u00e9destre de l\u2019assembl\u00e9e communale annuelle. Bon nombre de v\u00e9t\u00e9tistes et marcheurs de notre association y participe sportivement.<\/p>\n<p style=\"text-align: center;\"><a href=\"https:\/\/i0.wp.com\/ucepf.fr\/wp-content\/uploads\/2015\/04\/VTT-page-11-e1429353475299.jpg?ssl=1\"><img data-recalc-dims=\"1\" loading=\"lazy\" decoding=\"async\" data-attachment-id=\"132\" data-permalink=\"https:\/\/ucepf.fr\/?attachment_id=132\" data-orig-file=\"https:\/\/i0.wp.com\/ucepf.fr\/wp-content\/uploads\/2015\/04\/VTT-page-11-e1429353475299.jpg?fit=600%2C400&amp;ssl=1\" data-orig-size=\"600,400\" data-comments-opened=\"0\" data-image-meta=\"{&quot;aperture&quot;:&quot;10&quot;,&quot;credit&quot;:&quot;&quot;,&quot;camera&quot;:&quot;Canon EOS 5D Mark II&quot;,&quot;caption&quot;:&quot;&quot;,&quot;created_timestamp&quot;:&quot;1426933642&quot;,&quot;copyright&quot;:&quot;&quot;,&quot;focal_length&quot;:&quot;40&quot;,&quot;iso&quot;:&quot;500&quot;,&quot;shutter_speed&quot;:&quot;0.005&quot;,&quot;title&quot;:&quot;&quot;,&quot;orientation&quot;:&quot;0&quot;}\" data-image-title=\"VTT page 11\" data-image-description=\"\" data-image-caption=\"\" data-medium-file=\"https:\/\/i0.wp.com\/ucepf.fr\/wp-content\/uploads\/2015\/04\/VTT-page-11-e1429353475299.jpg?fit=300%2C200&amp;ssl=1\" data-large-file=\"https:\/\/i0.wp.com\/ucepf.fr\/wp-content\/uploads\/2015\/04\/VTT-page-11-e1429353475299.jpg?fit=1024%2C683&amp;ssl=1\" class=\"alignnone size-medium wp-image-132\" src=\"https:\/\/i0.wp.com\/ucepf.fr\/wp-content\/uploads\/2015\/04\/VTT-page-11.jpg?resize=300%2C200&#038;ssl=1\" alt=\"VTT page 11\" width=\"300\" height=\"200\" \/><\/a><\/p>\n<\/div>\n<\/div>\n","protected":false},"excerpt":{"rendered":"<p>Les v\u00e9t\u00e9tistes se rassemblent chaque dimanche matin tout au long de l\u2019ann\u00e9e pour effectuer une sortie en groupe. Deux groupes peuvent se constituer selon la distance, le terrain emprunt\u00e9 et [&hellip;]<\/p>\n","protected":false},"author":1,"featured_media":0,"parent":0,"menu_order":0,"comment_status":"closed","ping_status":"closed","template":"","meta":{"_acf_changed":false,"jetpack_post_was_ever_published":false,"footnotes":""},"class_list":["post-69","page","type-page","status-publish","czr-hentry"],"acf":[],"jetpack_sharing_enabled":true,"jetpack_shortlink":"https:\/\/wp.me\/P9F3ze-17","jetpack_likes_enabled":true,"jetpack-related-posts":[],"_links":{"self":[{"href":"https:\/\/ucepf.fr\/index.php?rest_route=\/wp\/v2\/pages\/69","targetHints":{"allow":["GET"]}}],"collection":[{"href":"https:\/\/ucepf.fr\/index.php?rest_route=\/wp\/v2\/pages"}],"about":[{"href":"https:\/\/ucepf.fr\/index.php?rest_route=\/wp\/v2\/types\/page"}],"author":[{"embeddable":true,"href":"https:\/\/ucepf.fr\/index.php?rest_route=\/wp\/v2\/users\/1"}],"replies":[{"embeddable":true,"href":"https:\/\/ucepf.fr\/index.php?rest_route=%2Fwp%2Fv2%2Fcomments&post=69"}],"version-history":[{"count":4,"href":"https:\/\/ucepf.fr\/index.php?rest_route=\/wp\/v2\/pages\/69\/revisions"}],"predecessor-version":[{"id":1004,"href":"https:\/\/ucepf.fr\/index.php?rest_route=\/wp\/v2\/pages\/69\/revisions\/1004"}],"wp:attachment":[{"href":"https:\/\/ucepf.fr\/index.php?rest_route=%2Fwp%2Fv2%2Fmedia&parent=69"}],"curies":[{"name":"wp","href":"https:\/\/api.w.org\/{rel}","templated":true}]}}

<div id="fb-root"></div>
<div class="wsg_content">
<div class="wsg_content_html qtxt1 paddingslider">
<p>Les vététistes se rassemblent chaque dimanche matin tout au long de l’année pour effectuer une sortie en groupe. Deux groupes peuvent se constituer selon la distance, le terrain emprunté et bien sûr le niveau du cycliste.</p>
<p>&nbsp;</p>
<p>Quelques cyclos adeptes de cette discipline se joignent à eux l’automne et l’hiver.</p>
<p>Les circuits sont divers et variés, puisque les parcours utilisés sont des sous-bois, des chemins de halage et quelques portions de route. Ces différents types de terrain se situent à proximité de chacune de nos trois communes, Entrammes, Parné-sur-Roc et Forcé.</p>
<p>&nbsp;</p>
<p>Certains vététistes prennent part aux différentes étapes du Tour de la Mayenne VTT et participent également à d’autres randonnées départementales réservées aux VTT.</p>
<p>&nbsp;</p>
<p>L’UCEPF apporte également son aide au Comité des Fêtes de Parné-sur-Roc pour l’organisation des randonnées VTT et pédestre de l’assemblée communale annuelle. Bon nombre de vététistes et marcheurs de notre association y participe sportivement.</p>
<p style="text-align: center;"><a href="https://i0.wp.com/ucepf.fr/wp-content/uploads/2015/04/VTT-page-11-e1429353475299.jpg?ssl=1"><img data-recalc-dims="1" loading="lazy" decoding="async" data-attachment-id="132" data-permalink="https://ucepf.fr/?attachment_id=132" data-orig-file="https://i0.wp.com/ucepf.fr/wp-content/uploads/2015/04/VTT-page-11-e1429353475299.jpg?fit=600%2C400&amp;ssl=1" data-orig-size="600,400" data-comments-opened="0" data-image-meta="{&quot;aperture&quot;:&quot;10&quot;,&quot;credit&quot;:&quot;&quot;,&quot;camera&quot;:&quot;Canon EOS 5D Mark II&quot;,&quot;caption&quot;:&quot;&quot;,&quot;created_timestamp&quot;:&quot;1426933642&quot;,&quot;copyright&quot;:&quot;&quot;,&quot;focal_length&quot;:&quot;40&quot;,&quot;iso&quot;:&quot;500&quot;,&quot;shutter_speed&quot;:&quot;0.005&quot;,&quot;title&quot;:&quot;&quot;,&quot;orientation&quot;:&quot;0&quot;}" data-image-title="VTT page 11" data-image-description="" data-image-caption="" data-medium-file="https://i0.wp.com/ucepf.fr/wp-content/uploads/2015/04/VTT-page-11-e1429353475299.jpg?fit=300%2C200&amp;ssl=1" data-large-file="https://i0.wp.com/ucepf.fr/wp-content/uploads/2015/04/VTT-page-11-e1429353475299.jpg?fit=1024%2C683&amp;ssl=1" class="alignnone size-medium wp-image-132" src="https://i0.wp.com/ucepf.fr/wp-content/uploads/2015/04/VTT-page-11.jpg?resize=300%2C200&#038;ssl=1" alt="VTT page 11" width="300" height="200" /></a></p>
</div>
</div>

<p>Les vététistes se rassemblent chaque dimanche matin tout au long de l’année pour effectuer une sortie en groupe. Deux groupes peuvent se constituer selon la distance, le terrain emprunté et [&hellip;]</p>
