{"id":71,"date":"2015-04-15T10:32:55","date_gmt":"2015-04-15T09:32:55","guid":{"rendered":"http:\/\/ucepf.fr\/?page_id=71"},"modified":"2019-12-30T11:27:03","modified_gmt":"2019-12-30T10:27:03","slug":"competitions","status":"publish","type":"page","link":"https:\/\/ucepf.fr\/?page_id=71","title":{"rendered":"comp\u00e9titions"},"content":{"rendered":"<div id=\"fb-root\"><\/div>\n<p>La section comp\u00e9tition de l\u2019UCEPF comprend les cat\u00e9gories cadets, juniors, espoirs et seniors. Les cadets ont 15 et 16 ans, les juniors ont 17 et 18 ans et les espoirs sont \u00e2g\u00e9s de 19 \u00e0 23 ans. Au-del\u00e0, ce sont des seniors.<\/p>\n<p><a href=\"https:\/\/i0.wp.com\/ucepf.fr\/wp-content\/uploads\/2019\/12\/Union-cycliste-EPF_012-scaled.jpg?ssl=1\"><img data-recalc-dims=\"1\" loading=\"lazy\" decoding=\"async\" data-attachment-id=\"1000\" data-permalink=\"https:\/\/ucepf.fr\/?attachment_id=1000\" data-orig-file=\"https:\/\/i0.wp.com\/ucepf.fr\/wp-content\/uploads\/2019\/12\/Union-cycliste-EPF_012-scaled.jpg?fit=2560%2C1666&amp;ssl=1\" data-orig-size=\"2560,1666\" data-comments-opened=\"0\" data-image-meta=\"{&quot;aperture&quot;:&quot;8&quot;,&quot;credit&quot;:&quot;&quot;,&quot;camera&quot;:&quot;Canon EOS 5D Mark IV&quot;,&quot;caption&quot;:&quot;&quot;,&quot;created_timestamp&quot;:&quot;1556382355&quot;,&quot;copyright&quot;:&quot;&quot;,&quot;focal_length&quot;:&quot;47&quot;,&quot;iso&quot;:&quot;200&quot;,&quot;shutter_speed&quot;:&quot;0.00625&quot;,&quot;title&quot;:&quot;&quot;,&quot;orientation&quot;:&quot;0&quot;}\" data-image-title=\"Union cycliste EPF_012\" data-image-description=\"\" data-image-caption=\"\" data-medium-file=\"https:\/\/i0.wp.com\/ucepf.fr\/wp-content\/uploads\/2019\/12\/Union-cycliste-EPF_012-scaled.jpg?fit=300%2C195&amp;ssl=1\" data-large-file=\"https:\/\/i0.wp.com\/ucepf.fr\/wp-content\/uploads\/2019\/12\/Union-cycliste-EPF_012-scaled.jpg?fit=1024%2C667&amp;ssl=1\" class=\"alignnone size-medium wp-image-1000\" src=\"https:\/\/i0.wp.com\/ucepf.fr\/wp-content\/uploads\/2019\/12\/Union-cycliste-EPF_012.jpg?resize=300%2C195&#038;ssl=1\" alt=\"\" width=\"300\" height=\"195\" srcset=\"https:\/\/i0.wp.com\/ucepf.fr\/wp-content\/uploads\/2019\/12\/Union-cycliste-EPF_012-scaled.jpg?resize=300%2C195&amp;ssl=1 300w, https:\/\/i0.wp.com\/ucepf.fr\/wp-content\/uploads\/2019\/12\/Union-cycliste-EPF_012-scaled.jpg?resize=1024%2C667&amp;ssl=1 1024w, https:\/\/i0.wp.com\/ucepf.fr\/wp-content\/uploads\/2019\/12\/Union-cycliste-EPF_012-scaled.jpg?resize=768%2C500&amp;ssl=1 768w, https:\/\/i0.wp.com\/ucepf.fr\/wp-content\/uploads\/2019\/12\/Union-cycliste-EPF_012-scaled.jpg?resize=1536%2C1000&amp;ssl=1 1536w, https:\/\/i0.wp.com\/ucepf.fr\/wp-content\/uploads\/2019\/12\/Union-cycliste-EPF_012-scaled.jpg?resize=2048%2C1333&amp;ssl=1 2048w, https:\/\/i0.wp.com\/ucepf.fr\/wp-content\/uploads\/2019\/12\/Union-cycliste-EPF_012-scaled.jpg?w=2340&amp;ssl=1 2340w\" sizes=\"auto, (max-width: 300px) 100vw, 300px\" \/><\/a><\/p>\n<p style=\"text-align: left;\">pour l&rsquo;ann\u00e9e 2019 :<\/p>\n<ul>\n<li>Lucas Verger\u00a0: 4 victoires, 6 places de deuxi\u00e8me et 6 de troisi\u00e8me.<\/li>\n<li>Fr\u00e9d\u00e9rick Bretonni\u00e9re\u00a0: 2 victoires, 3 places de deuxi\u00e8me.<\/li>\n<li>Nicolas Chevron\u00a0: 1 victoire, 1 place de troisi\u00e8me.<\/li>\n<li>Emmanuel Ledoux\u00a0: 1 victoire, 1 fois second et troisi\u00e8me.<\/li>\n<li>Aur\u00e9lien Lelandais\u00a0: 1 victoire.<\/li>\n<li>J\u00e9r\u00f4me Lefoul\u00a0: 1 place de deuxi\u00e8me et une de troisi\u00e8me.<\/li>\n<li>Anthony Savary\u00a0: 1 place de troisi\u00e8me.<\/li>\n<\/ul>\n","protected":false},"excerpt":{"rendered":"<p>La section comp\u00e9tition de l\u2019UCEPF comprend les cat\u00e9gories cadets, juniors, espoirs et seniors. Les cadets ont 15 et 16 ans, les juniors ont 17 et 18 ans et les espoirs [&hellip;]<\/p>\n","protected":false},"author":1,"featured_media":0,"parent":0,"menu_order":0,"comment_status":"closed","ping_status":"closed","template":"","meta":{"_acf_changed":false,"jetpack_post_was_ever_published":false,"footnotes":""},"class_list":["post-71","page","type-page","status-publish","czr-hentry"],"acf":[],"jetpack_sharing_enabled":true,"jetpack_shortlink":"https:\/\/wp.me\/P9F3ze-19","jetpack_likes_enabled":true,"jetpack-related-posts":[],"_links":{"self":[{"href":"https:\/\/ucepf.fr\/index.php?rest_route=\/wp\/v2\/pages\/71","targetHints":{"allow":["GET"]}}],"collection":[{"href":"https:\/\/ucepf.fr\/index.php?rest_route=\/wp\/v2\/pages"}],"about":[{"href":"https:\/\/ucepf.fr\/index.php?rest_route=\/wp\/v2\/types\/page"}],"author":[{"embeddable":true,"href":"https:\/\/ucepf.fr\/index.php?rest_route=\/wp\/v2\/users\/1"}],"replies":[{"embeddable":true,"href":"https:\/\/ucepf.fr\/index.php?rest_route=%2Fwp%2Fv2%2Fcomments&post=71"}],"version-history":[{"count":8,"href":"https:\/\/ucepf.fr\/index.php?rest_route=\/wp\/v2\/pages\/71\/revisions"}],"predecessor-version":[{"id":1002,"href":"https:\/\/ucepf.fr\/index.php?rest_route=\/wp\/v2\/pages\/71\/revisions\/1002"}],"wp:attachment":[{"href":"https:\/\/ucepf.fr\/index.php?rest_route=%2Fwp%2Fv2%2Fmedia&parent=71"}],"curies":[{"name":"wp","href":"https:\/\/api.w.org\/{rel}","templated":true}]}}

compétitions

<div id="fb-root"></div>
<p>La section compétition de l’UCEPF comprend les catégories cadets, juniors, espoirs et seniors. Les cadets ont 15 et 16 ans, les juniors ont 17 et 18 ans et les espoirs sont âgés de 19 à 23 ans. Au-delà, ce sont des seniors.</p>
<p><a href="https://i0.wp.com/ucepf.fr/wp-content/uploads/2019/12/Union-cycliste-EPF_012-scaled.jpg?ssl=1"><img data-recalc-dims="1" loading="lazy" decoding="async" data-attachment-id="1000" data-permalink="https://ucepf.fr/?attachment_id=1000" data-orig-file="https://i0.wp.com/ucepf.fr/wp-content/uploads/2019/12/Union-cycliste-EPF_012-scaled.jpg?fit=2560%2C1666&amp;ssl=1" data-orig-size="2560,1666" data-comments-opened="0" data-image-meta="{&quot;aperture&quot;:&quot;8&quot;,&quot;credit&quot;:&quot;&quot;,&quot;camera&quot;:&quot;Canon EOS 5D Mark IV&quot;,&quot;caption&quot;:&quot;&quot;,&quot;created_timestamp&quot;:&quot;1556382355&quot;,&quot;copyright&quot;:&quot;&quot;,&quot;focal_length&quot;:&quot;47&quot;,&quot;iso&quot;:&quot;200&quot;,&quot;shutter_speed&quot;:&quot;0.00625&quot;,&quot;title&quot;:&quot;&quot;,&quot;orientation&quot;:&quot;0&quot;}" data-image-title="Union cycliste EPF_012" data-image-description="" data-image-caption="" data-medium-file="https://i0.wp.com/ucepf.fr/wp-content/uploads/2019/12/Union-cycliste-EPF_012-scaled.jpg?fit=300%2C195&amp;ssl=1" data-large-file="https://i0.wp.com/ucepf.fr/wp-content/uploads/2019/12/Union-cycliste-EPF_012-scaled.jpg?fit=1024%2C667&amp;ssl=1" class="alignnone size-medium wp-image-1000" src="https://i0.wp.com/ucepf.fr/wp-content/uploads/2019/12/Union-cycliste-EPF_012.jpg?resize=300%2C195&#038;ssl=1" alt="" width="300" height="195" srcset="https://i0.wp.com/ucepf.fr/wp-content/uploads/2019/12/Union-cycliste-EPF_012-scaled.jpg?resize=300%2C195&amp;ssl=1 300w, https://i0.wp.com/ucepf.fr/wp-content/uploads/2019/12/Union-cycliste-EPF_012-scaled.jpg?resize=1024%2C667&amp;ssl=1 1024w, https://i0.wp.com/ucepf.fr/wp-content/uploads/2019/12/Union-cycliste-EPF_012-scaled.jpg?resize=768%2C500&amp;ssl=1 768w, https://i0.wp.com/ucepf.fr/wp-content/uploads/2019/12/Union-cycliste-EPF_012-scaled.jpg?resize=1536%2C1000&amp;ssl=1 1536w, https://i0.wp.com/ucepf.fr/wp-content/uploads/2019/12/Union-cycliste-EPF_012-scaled.jpg?resize=2048%2C1333&amp;ssl=1 2048w, https://i0.wp.com/ucepf.fr/wp-content/uploads/2019/12/Union-cycliste-EPF_012-scaled.jpg?w=2340&amp;ssl=1 2340w" sizes="auto, (max-width: 300px) 100vw, 300px" /></a></p>
<p style="text-align: left;">pour l&rsquo;année 2019 :</p>
<ul>
<li>Lucas Verger : 4 victoires, 6 places de deuxième et 6 de troisième.</li>
<li>Frédérick Bretonniére : 2 victoires, 3 places de deuxième.</li>
<li>Nicolas Chevron : 1 victoire, 1 place de troisième.</li>
<li>Emmanuel Ledoux : 1 victoire, 1 fois second et troisième.</li>
<li>Aurélien Lelandais : 1 victoire.</li>
<li>Jérôme Lefoul : 1 place de deuxième et une de troisième.</li>
<li>Anthony Savary : 1 place de troisième.</li>
</ul>

<p>La section compétition de l’UCEPF comprend les catégories cadets, juniors, espoirs et seniors. Les cadets ont 15 et 16 ans, les juniors ont 17 et 18 ans et les espoirs [&hellip;]</p>
